 -12*c(a) + 3*x(a). Let i be u(10). What is the highest common factor of i and 18?
9
Let p(d) = -2*d**2 - 44*d + 412. Let q be p(7). Suppose 0*g - 6 = -g. What is the greatest common divisor of g and q?
6
Let d = -1118 - -1136. What is the highest common factor of 22 and d?
2
Let f = 49 + -42. Suppose -2*u + 2 = 2*b, 0 = 3*b - 3*u + 5*u - 5. Suppose -b*q + 139 = 5*g - g, 4*g = -8. Calculate the greatest common factor of f and q.
7
Suppose 12 = -3*n + 588. What is the greatest common factor of 72 and n?
24
Suppose -3*v = -v + 8. Let y(x) = -x**2 - 7*x - 5. Let a be y(v). Let w(z) = -4*z + 11. Let c be w(-6). What is the highest common factor of c and a?
7
Let f(h) = -40*h**2 - 2. Let p(l) = -60*l**2 - 3. Let v(o) = -8*f(o) + 5*p(o). Let y = 225 - 226. Let m be v(y). What is the highest common factor of m and 14?
7
Let d = 100 + -94. Calculate the highest common factor of d and 48.
6
Suppose -4*u - 375 = -7*u. Let a(q) = q**3 + 5*q**2 - 3*q - 3. Let f be a(-4). Calculate the greatest common factor of f and u.
25
Suppose 4 = -2*i + 4*n - 22, -n + 5 = 0. Let d be (1/4 - i)*88. What is the highest common factor of 26 and d?
26
Suppose 0 = 2*h - 5 + 1. Suppose h*y + 33 = 3*j - y, -5*j - 2*y = -41. Let b = j + -8. Calculate the greatest common factor of 1 and b.
1
Suppose 312 = 4*n - 4*v, -5*v = -n + 3*n - 135. Let p = n - 30. Suppose -3*t + 18 = -2*t. Calculate the greatest common divisor of t and p.
9
Let o(j) = -2*j - 1088 + j + 1133. Let m be o(13). Calculate the highest common divisor of m and 160.
32
Let f(l) = -l**2 - 8*l + 7. Let c be f(-3). Let d = 0 + c. Suppose 112 = 4*o + 5*z, -2*o + 4*o = 3*z + 78. Calculate the greatest common divisor of d and o.
11
Let a(c) = -4*c - 55. Let q be a(-25). What is the highest common factor of q and 225?
45
Let c = -71 - -76. Suppose 0 = -5*i + 3*i + 3*b + 85, -c*b - 53 = -i. Calculate the highest common factor of i and 38.
38
Let m = 61 + 62. Calculate the greatest common factor of 164 and m.
41
Let w be 67 + 5 + 9/6*-2. Let n be (11/(-2))/(3/6). Let m = 57 + n. What is the greatest common divisor of m and w?
23
Suppose -5*k + 278 = -2*z, 5*z - 1 - 4 = 0. Suppose 3 = -2*t + 19. What is the greatest common divisor of t and k?
8
Let i = 22 - 21. Let r be 12 + (0 - (3 - 0)). What is the greatest common factor of i and r?
1
Let a be 1/(-8*2/(-320)). What is the highest common divisor of a and 110?
10
Suppose 5*k - 3 = -s, -2*s - 1 + 7 = 2*k. Suppose -s - 5 = -2*h. Let v be 11/h*4/1. What is the greatest common factor of 77 and v?
11
Let p(o) = -1. Let a(k) = -5*k + 8. Let c(v) = -a(v) + 4*p(v). Let x be (-2 + 21/(-7))*-1. Let z be c(x). Calculate the greatest common divisor of 143 and z.
13
Let g = -6881 + 6971. Let n(b) = -2*b**3 - 3*b**2 - 4*b - 2. Let a be n(-2). Calculate the highest common divisor of a and g.
10
Let j = -105 - -198. Suppose 4*q + j = 277. What is the greatest common factor of 69 and q?
23
Let a = 33 + 7. Suppose 4*q - a = 60. Suppose 219 + 1356 = 7*l. What is the highest common divisor of q and l?
25
Suppose -2*v + 3*j = -627, -13*v + 1239 = -9*v - j. What is the highest common factor of v and 515?
103
Let t(m) = m**3 + 13*m**2 - 7*m - 51. Let f be t(-13). Calculate the greatest common factor of f and 24.
8
Suppose -329*a = -349*a + 1260. Suppose -m + 2 = -7. What is the greatest common factor of a and m?
9
Let h = -14 + 21. Let y(g) = g - 3. Let t be y(h). Let d be 60/(-5)*t/(-8). Calculate the greatest common factor of d and 6.
6
Suppose -1068 + 123 = -21*z. Calculate the greatest common factor of z and 30.
15
Let k(g) = 2*g**2 + 29*g + 6. Let j be k(-15). Calculate the highest common factor of 3 and j.
3
Let z be (0 - (0 - 1))*2. Suppose -2*r - 4*m + 116 = -z*m, -5*m = -r + 40. Let j = 889 - 878. What is the greatest common divisor of r and j?
11
Suppose 5*a = -4*h + 128, 0*h - 2*h = 4*a - 58. Suppose 0 = -0*y - y - r + 17, 0 = 3*y - r - 43. Let t = h - y. What is the greatest common factor of 154 and t?
22
Suppose 27*f = 466 - 115. Suppose r = 103 + 24. Suppose r = b - 2*w, 4*b - 5*w = 170 + 323. What is the highest common factor of f and b?
13
Suppose 13*r - 591 - 306 = 0. Calculate the highest common factor of r and 345.
69
Let s(a) = 3*a - 5. Suppose 21 = 5*q - 4*t, -2*t - 12 = -3*q + t. Let x be s(q). What is the highest common divisor of 10 and x?
10
Suppose 0 = 4*x - x + 5*v - 119, 3*x - 79 = 5*v. Let g = x + -11. What is the highest common factor of 110 and g?
22
Let v be 1 - (-56 - (1 + -2)). Let p(k) = k**3 - 5*k**2 + 4*k + 12. Let j be p(5). Let f = 39 - j. Calculate the greatest common divisor of f and v.
7
Let h = 99 + -90. Let y be (-2)/9 - ((-460)/h)/5. What is the greatest common divisor of y and 110?
10
Let y(p) = 4*p**2 + 3*p - 1. Let x be y(2). Let a be -10 + (1 - 4) + 0. Let v be (a - -12)/((-2)/6). Calculate the greatest common factor of v and x.
3
Suppose -4*d = -5*m + 2*m + 4262, 2*m - 2839 = 5*d. Calculate the greatest common factor of 18 and m.
18
Let v(n) = -2*n**3 - 30*n**2 + n + 19. Let j be v(-15). Calculate the greatest common divisor of 28 and j.
4
Let i(r) = -371*r - 2953. Let b be i(-8). Let f(c) = -10*c. Let k be f(-6). What is the greatest common factor of k and b?
15
Let u = -104 + 154. Let s(t) = t**2 - 5*t - 4. Let k be s(-3). Calculate the highest common divisor of k and u.
10
Let a(i) = -251*i - 23. Let b be a(-1). What is the greatest common divisor of 96 and b?
12
Let t be 2/(-1)*(-891)/198. Calculate the greatest common divisor of 2 and t.
1
Let y(o) = -7*o + 1. Let g be y(-1). Let c(k) = -k**3 + 15*k**2 - 14*k + 8. Let q be c(14). What is the highest common divisor of g and q?
8
Let f(y) = 482*y - 80. Let z be f(1). Calculate the highest common factor of 6 and z.
6
Let n = 339 - 193. Let k be n/14 - ((-60)/(-42) - 1). What is the greatest common factor of k and 40?
10
Let k be 16/(-6)*195/(-52). Suppose 2 + k = 2*s. Let d = 17 - -7. What is the highest common divisor of s and d?
6
Let d(f) = -f**3 - 20*f**2 + 20*f - 18. Let q be d(-21). Suppose q*b - 120 = b. Calculate the highest common divisor of b and 15.
15
Let s = 80 + -36. What is the greatest common divisor of s and 198?
22
Let x(j) = -j**3 + 22*j**2 - 36*j - 38. Let a be x(20). Calculate the highest common divisor of a and 462.
42
Let b = -92 + 61. Let o = -22 - b. Suppose 267 = 3*j + 78. Calculate the highest common divisor of j and o.
9
Suppose 5*m = 4*j + 52, 0 = 6*m - 2*m - 3*j - 41. Let h be -10*(1*-4 - -2). Let p be ((-12)/(-5))/(6/h). What is the greatest common divisor of p and m?
8
Let p be 7/(28/152) - 0. Suppose 0 = 933*l - 931*l - 190. Calculate the highest common divisor of p and l.
19
Let h(d) = -d**3 + 3*d**2 + 5*d - 1. Let o be h(4). Suppose 2*v + 7*c - 33 = 4*c, -4*v + 63 = 3*c. Calculate the highest common divisor of v and o.
3
Let f be ((-1974)/126)/(2/3)*-22. What is the greatest common divisor of f and 11?
11
Let c = -52 - -154. Let d be c/7 - 45/(-105). Calculate the highest common divisor of d and 75.
15
Let l(t) = -t**3 + 4*t**2 + 6*t + 5. Let k be l(5). What is the greatest common factor of 2770 and k?
10
Let w(x) = -2*x**2 - 7*x + 12. Let q be w(-5). Let l be (-96)/(q + 1 + 1). What is the highest common divisor of l and 12?
12
Let d(s) = -s - 1. Let f be d(-3). Let x be 153 + 5 + -2*(f - 0). What is the greatest common factor of x and 14?
14
Suppose 0 = 5*d + 89 - 584. Let q(u) = u**2 - 17*u - 7. Let z be q(18). What is the greatest common divisor of z and d?
11
Suppose -711 = -22*v + 279. Calculate the greatest common divisor of v and 117.
9
Suppose 5*r = -i + 2*i + 180, 0 = -3*r + 4*i + 91. What is the highest common factor of 629 and r?
37
Let q(c) = c**3 - c**2 + 99. Let m be q(0). Let r = 176 - m. Let b be -22*((-36)/8 + 4). Calculate the greatest common factor of r and b.
11
Let g = 796 - 656. What is the highest common factor of g and 245?
35
Let l be (1 + 1910/(-8))*(-2 + -2). Suppose 9*i - l - 237 = 0. Calculate the highest common divisor of 33 and i.
33
Let z(p) = 2*p**2 + 7*p + 1. Let n be z(6). Suppose -7*b = -2*b + n. Let j be -1*4/(4/b). What is the greatest common factor of j and 23?
23
Suppose -220 = d - 5*d. Let p = 3570 - 3548. What is the greatest common factor of p and d?
11
Let p = 1252 - 283. What is the highest common factor of 5